818
Calculate the highest common divisor of 368 and 1467952.
368
What is the greatest common factor of 25425 and 6300?
225
What is the greatest common divisor of 833 and 1105?
17
Calculate the highest common factor of 78 and 660.
6
What is the greatest common factor of 987 and 161?
7
Calculate the highest common divisor of 105090 and 930.
930
Calculate the highest common divisor of 186910 and 20.
10
What is the highest common factor of 10 and 227830?
10
What is the highest common factor of 47 and 515402?
47
Calculate the greatest common divisor of 412478 and 88.
22
What is the highest common divisor of 35699 and 87?
29
What is the highest common factor of 312 and 10930452?
156
Calculate the highest common divisor of 470 and 1282630.
470
What is the highest common divisor of 1055156 and 51?
17
Calculate the greatest common divisor of 57936 and 2584.
136
What is the greatest common factor of 1165 and 147489?
233
Calculate the highest common divisor of 1001448 and 504.
504
What is the greatest common divisor of 7729 and 1475?
59
What is the greatest common factor of 13737 and 38?
19
Calculate the highest common divisor of 5621 and 60298.
511
Calculate the greatest common factor of 934650 and 19375.
775
What is the highest common factor of 3679 and 1415?
283
Calculate the greatest common divisor of 544 and 3589448.
136
Calculate the greatest common divisor of 29 and 4195111.
29
Calculate the greatest common factor of 1007 and 11819.
53
What is the highest common divisor of 1477497 and 228?
57
Calculate the greatest common factor of 45 and 839705.
5
What is the highest common factor of 2356 and 209?
19
Calculate the greatest common factor of 294474 and 102.
102
Calculate the highest common divisor of 5874 and 1650.
66
Calculate the greatest common divisor of 113927 and 704.
11
What is the highest common factor of 88740 and 12?
12
Calculate the highest common divisor of 112 and 16384.
16
Calculate the highest common factor of 4147 and 6773.
13
What is the highest common factor of 16344 and 4140?
36
What is the greatest common factor of 7 and 134729?
7
Calculate the greatest common factor of 3410 and 5940.
110
What is the highest common divisor of 29676 and 84?
12
Calculate the highest common factor of 5005 and 158873.
143
Calculate the highest common factor of 200 and 2523000.
200
Calculate the greatest common divisor of 35 and 1194935.
35
Calculate the greatest common factor of 14920 and 980.
20
Calculate the highest common factor of 20 and 8668780.
20
What is the greatest common factor of 7 and 113918?
7
Calculate the highest common divisor of 352 and 97680.
176
What is the greatest common factor of 752 and 137475?
47
What is the highest common factor of 148 and 199?
1
What is the greatest common divisor of 332860 and 17?
17
Calculate the highest common divisor of 49955 and 2425.
485
Calculate the highest common divisor of 46 and 830714.
46
Calculate the highest common factor of 1880 and 341784.
376
What is the greatest common factor of 11 and 4365064?
11
What is the highest common factor of 790 and 13?
1
Calculate the greatest common divisor of 25494 and 112.
14
What is the greatest common divisor of 392568 and 264?
264
What is the greatest common factor of 29432 and 2704?
104
What is the greatest common factor of 2520 and 467880?
840
What is the greatest common factor of 1553218 and 212?
106
What is the greatest common divisor of 7343 and 1372?
7
Calculate the highest common factor of 1238 and 8.
2
Calculate the greatest common divisor of 114 and 45106.
38
What is the greatest common factor of 511800 and 60?
60
What is the greatest common divisor of 5694 and 10001?
73
Calculate the greatest common divisor of 160412 and 84.
28
Calculate the greatest common divisor of 93608 and 120.
8
Calculate the greatest common divisor of 50355 and 1485.
135
Calculate the greatest common factor of 5976 and 72.
72
What is the greatest common divisor of 176988 and 490?
98
What is the highest common divisor of 79937 and 27391?
559
What is the highest common factor of 169 and 104?
13
What is the greatest common factor of 108 and 186?
6
What is the greatest common divisor of 102 and 596802?
102
What is the greatest common divisor of 208107 and 171?
171
Calculate the greatest common divisor of 58850 and 22363.
1177
Calculate the greatest common factor of 7345 and 130.
65
Calculate the highest common factor of 173040 and 455.
35
What is the highest common factor of 483 and 114?
3
What is the greatest common factor of 582 and 474718?
194
Calculate the greatest common divisor of 23232 and 1728.
192
What is the greatest common divisor of 38041 and 8725?
349
Calculate the highest common factor of 135 and 307800.
135
Calculate the highest common divisor of 10 and 5520.
10
What is the greatest common factor of 59214 and 426?
426
Calculate the greatest common divisor of 424 and 2168.
8
What is the greatest common factor of 356 and 313102?
178
Calculate the greatest common divisor of 208 and 361.
1
Calculate the greatest common factor of 3498 and 9646.
106
What is the highest common divisor of 13875 and 95625?
375
What is the greatest common divisor of 1373568 and 288?
96
What is the highest common divisor of 1029 and 1071?
21
Calculate the greatest common factor of 322 and 10822.
14
What is the greatest common factor of 1512 and 2916?
108
Calculate the highest common factor of 99042 and 646.
34
Calculate the greatest common factor of 2674165 and 65.
65
Calculate the highest common factor of 4147 and 42991.
13
What is the highest common factor of 3928 and 36?
4
What is the greatest common divisor of 61 and 79056?
61
Calculate the greatest common divisor of 468 and 2132.
52
What is the greatest common factor of 5538 and 1287?
39
Calculate the highest common factor of 30 and 57.
3
Calculate the greatest common divisor of 2145 and 13065.
195
Calculate the highest common divisor of 122 and 1219207.
61
What is the greatest common divisor of 25026 and 10476?
582
What is the greatest common divisor of 122556 and 45?
3
Calculate the highest common divisor of 668933 and 187.
17
What is the highest common factor of 1161756 and 7812?
1116
Calculate the greatest common factor of 113 and 325101.
113
Calculate the greatest common divisor of 14789270 and 370.
370
What is the greatest common divisor of 5724 and 7526?
106
What is the highest common factor of 840 and 790?
10
Calculate the highest common factor of 574559 and 122.
61
What is the greatest common divisor of 1764 and 52902?
18
What is the highest common divisor of 749273 and 1421?
203
Calculate the highest common factor of 1501233 and 207.
69
What is the highest common divisor of 89 and 604?
1
Calculate the greatest common divisor of 45 and 257340.
15
Calculate the highest common divisor of 190 and 29374.
38
Calculate the greatest common factor of 12786 and 42.
6
Calculate the highest common divisor of 21 and 5181.
3
What is the highest common factor of 9422 and 1?
1
What is the greatest common factor of 644 and 832600?
92
Calculate the greatest common factor of 731 and 10449.
43
What is the highest common factor of 4321 and 130822?
149
What is the greatest common factor of 5605 and 767?
59
What is the highest common divisor of 6466 and 183?
61
Calculate the greatest common factor of 88 and 5448.
8
Calculate the greatest common factor of 3627 and 255099.
1209
Calculate the highest common divisor of 950 and 1310.
10
What is the greatest common divisor of 661919 and 2098?
1049
Calculate the highest common divisor of 250944 and 1152.
192
Calculate the highest common factor of 768 and 4512.
96
Calculate the highest common divisor of 37700 and 181350.
650
Calculate the greatest common divisor of 2763 and 38068.
307
What is the highest common divisor of 20 and 604570?
10
What is the highest common divisor of 42416 and 128?
16
What is the highest common factor of 1900 and 8132?
76
Calculate the highest common factor of 2974634 and 130.
26
Calculate the highest common divisor of 21 and 3146.
1
What is the greatest common factor of 108 and 3252?
12
Calculate the highest common factor of 9819 and 1041905.
1091
Calculate the highest common factor of 4767 and 312579.
681
Calculate the greatest common divisor of 65365 and 33067.
769
Calcul